 prime number?
True
Is 7511659017 a composite number?
True
Is 22174537109 a prime number?
True
Is 144827479 composite?
True
Is 9602014459 composite?
False
Is 8409722051 composite?
True
Is 45388979021 composite?
False
Is 25415408599 a prime number?
False
Is 6040217507 prime?
False
Is 73902369479 a prime number?
True
Is 108131293 a prime number?
False
Is 103043929 a composite number?
False
Is 16730167297 prime?
False
Is 135591089 a prime number?
True
Is 26556394999 a composite number?
True
Is 63886443193 composite?
False
Is 3085531031 a composite number?
True
Is 808606781 a prime number?
True
Is 415679921 prime?
True
Is 679237753 a composite number?
False
Is 208360093723 a composite number?
False
Is 807223217 a prime number?
False
Is 26332290317 a prime number?
True
Is 3465385345 prime?
False
Is 774785233 a prime number?
False
Is 2554006069 a composite number?
True
Is 3130184845 prime?
False
Is 1821443399 composite?
True
Is 7593616391 a composite number?
False
Is 26453732245 a composite number?
True
Is 37763196979 a prime number?
False
Is 26512313 composite?
True
Is 1973703821 a prime number?
False
Is 18811725179 a composite number?
True
Is 3365692531 composite?
True
Is 1552158449 a prime number?
True
Is 600862777 prime?
True
Is 470143319 prime?
False
Is 631091233 prime?
True
Is 10577032303 prime?
True
Is 1927350391 composite?
False
Is 37136731 a composite number?
False
Is 39594271439 a prime number?
True
Is 1975684778 a prime number?
False
Is 1495776827 composite?
True
Is 291975193 prime?
True
Is 15192418933 composite?
False
Is 2978328919 a prime number?
False
Is 530577127 a composite number?
True
Is 394680689 prime?
False
Is 3518164619 a composite number?
False
Is 1400934923 a prime number?
False
Is 1457075929 a prime number?
False
Is 686712499 composite?
True
Is 82345583689 a composite number?
False
Is 51582714097 a composite number?
False
Is 60203629 a prime number?
True
Is 7478709221 a prime number?
True
Is 81422933 a prime number?
True
Is 1388384579 prime?
True
Is 8354006731 a prime number?
False
Is 24108866759 composite?
False
Is 7628339611 composite?
False
Is 14063018029 prime?
False
Is 133588799 a composite number?
False
Is 18946067941 prime?
False
Is 166539547 a composite number?
True
Is 555884029 a prime number?
False
Is 12575919539 a prime number?
True
Is 4400429767 composite?
True
Is 701645489 a prime number?
True
Is 7765872383 prime?
True
Is 159046479139 prime?
True
Is 32253421337 composite?
True
Is 958061393 prime?
True
Is 6915486119 composite?
True
Is 8938505099 a prime number?
True
Is 2704449311 a composite number?
False
Is 6873493183 prime?
False
Is 11250643 prime?
True
Is 1866543083 a composite number?
False
Is 123491730319 a prime number?
True
Is 7208545859 prime?
False
Is 23478614311 composite?
False
Is 2049428393 a prime number?
False
Is 3666226969 composite?
True
Is 21495905461 a composite number?
True
Is 341466973 composite?
False
Is 482485873 a composite number?
False
Is 57469905071 prime?
True
Is 1688321767 prime?
False
Is 17527331729 a composite number?
False
Is 20732862599 prime?
True
Is 6011256847 composite?
False
Is 1523278787 prime?
False
Is 2312802529 prime?
True
Is 7098832787 a composite number?
True
Is 2050378549 a composite number?
False
Is 3017064577 composite?
True
Is 6225735413 a prime number?
True
Is 1108973339 a prime number?
True
Is 8919760301 a prime number?
True
Is 1328771849 prime?
True
Is 237313487 prime?
False
Is 138637466587 composite?
False
Is 57112072553 a prime number?
True
Is 20108787037 prime?
True
Is 27340849009 composite?
True
Is 3523731439 prime?
False
Is 5987559719 a prime number?
True
Is 12595819235 a composite number?
True
Is 1272017657 composite?
True
Is 4738539179 prime?
False
Is 180185696759 a composite number?
False
Is 7620070199 a prime number?
False
Is 34293839317 composite?
True
Is 1027164527 a composite number?
False
Is 5498267741 prime?
True
Is 126006191 a composite number?
False
Is 2885958527 prime?
True
Is 12535118923 a composite number?
False
Is 757361659 prime?
False
Is 157959827 composite?
False
Is 15642836753 a prime number?
True
Is 6163474951 prime?
False
Is 472385377 composite?
False
Is 727072887 a prime number?
False
Is 3019010167 composite?
False
Is 31703934023 composite?
False
Is 5513723123 a composite number?
False
Is 1248268187 composite?
True
Is 32866007411 a prime number?
True
Is 3121446145 a prime number?
False
Is 59893153 a composite number?
False
Is 25467791 composite?
True
Is 4863727289 a composite number?
False
Is 5456655397 a prime number?
False
Is 8721484813 composite?
False
Is 174923017 prime?
False
Is 13344882487 a prime number?
True
Is 2456420597 composite?
True
Is 791835587 composite?
False
Is 63493705021 a prime number?
True
Is 46395214435 a prime number?
False
Is 13013357069 prime?
True
Is 1779240583 prime?
True
Is 50563714373 composite?
True
Is 1493273431 composite?
True
Is 933922099 a prime number?
False
Is 751393921 a prime number?
False
Is 312334315 a composite number?
True
Is 9771085949 prime?
True
Is 1516906507 composite?
True
Is 84872393 a composite number?
False
Is 10755486719 prime?
False
Is 502032997 a prime number?
True
Is 1944312641 prime?
True
Is 9660498077 a prime number?
False
Is 213669772973 a prime number?
False
Is 32257225961 prime?
False
Is 290216198 prime?
False
Is 2931117755 composite?
True
Is 67639794347 a composite number?
False
Is 6231151673 composite?
False
Is 2275190213 composite?
False
Is 28865130271 a prime number?
True
Is 20766661369 a prime number?
True
Is 11309367367 prime?
True
Is 5322852097 prime?
True
Is 42224240173 prime?
True
Is 40952929 a composite number?
False
Is 14692478755 a prime number?
False
Is 773150867 a prime number?
True
Is 4609358981 prime?
True
Is 245675323 composite?
False
Is 11548464491 composite?
True
Is 944794579 composite?
False
Is 9330977267 prime?
False
Is 13541107487 composite?
False
Is 17424751457 a composite number?
True
Is 6155087 a composite number?
False
Is 1369906879 a composite number?
True
Is 322796603 composite?
True
Is 2141717663 prime?
True
Is 11741959445 composite?
True
Is 66882541751 a composite number?
False
Is 4693548091 a composite number?
False
Is 42716979709 composite?
True
Is 3718304819 a prime number?
False
Is 2439708874 prime?
False
Is 3104069071 composite?
False
Is 513001142 prime?
False
Is 27901401917 a prime number?
True
Is 1460745313 composite?
True
Is 3798700431 prime?
False
Is 328398677 a prime number?
True
Is 439191683 composite?
True
Is 1378261 a composite number?
True
Is 7284930682 a prime number?
False
Is 1964692273 a prime number?
True
Is 1176070985 a prime number?
False
Is 37235447 a composite number?
False
Is 13675265689 a prime number?
False
Is 720900781 composite?
False
Is 4846820317 prime?
True
Is 1350328193 composite?
False
Is 2357233033 a prime number?
False
Is 336257951 a prime number?
True
Is 145039820831 a composite number?
False
Is 37085515891 composite?
True
Is 18029753045 a prime number?
False
Is 418359349 composite?
True
Is 23872739057 composite?
True
Is 14673441199 a composite number?
True
Is 3650157821 composite?
True
Is 13507306223 a composite number?
True
Is 35526025157 a prime number?
False
Is 3024310117 composite?
False
Is 346779487 a prime number?
False
Is 1430208883 prime?
True
Is 44721204161 a composite number?
False
Is 1488497621 a prime number?
False
Is 3444403987 composite?
True
Is 38868799 a prime number?
False
Is 737127581 a composite number?
False
Is 249983771 a composite number?
True
Is 19220627971 prime?
False
Is 11782001189 prime?
False
Is 3378510671 composite?
False
Is 575284357 composite?
False
Is 212092019 prime?
True
Is 1386925381 composite?
True
Is 82475767 a prime number?
False
Is 22424485937 prime?
False
Is 1877923897 a composite number?
False
Is 1501091353 a prime number?
True
Is 3513809737 a composite number?
True
Is 40908281 a composite number?
False
Is 9026439847 composite?
False
Is 184479961 a prime number?
False
Is 19561318291 a composite number?
True
Is 3297022349 a composite number?
False
Is 1194937294 prime?
False
Is 1204802513 a composite number?
False
Is 4206732151 a prime number?
True
Is 109641622403 a prime number?
False
Is 403214677 a prime number?
True
Is 866710051 a prime number?
False
Is 2441789527 prime